{"id":255,"date":"2025-02-06T17:40:00","date_gmt":"2025-02-06T16:40:00","guid":{"rendered":"https:\/\/www.salesforce.com\/?page_id=255"},"modified":"2025-04-08T14:59:23","modified_gmt":"2025-04-08T12:59:23","slug":"front-page","status":"publish","type":"page","link":"https:\/\/www.salesforce.com\/se\/news\/","title":{"rendered":"Front Page"},"content":{"rendered":"\n<a\n\t\t\thref=\"https:\/\/www.salesforce.com\/se\/news\/press-releases\/2025\/04\/08\/rapport-krangliga-system-hindrar-foretag-att-anvanda-ai-agenter\/\"\n\t\tclass=\"sf-card -author-hidden\"\n\taria-label=\"Rapport: Kr\u00e5ngliga system hindrar f\u00f6retag att anv\u00e4nda AI-agenter\"\n\t\t>\n\t<article\n\t\titemscope=\"\"\n\t\titemtype=\"https:\/\/schema.org\/Article\"\n\t\tdata-card-id=\"317\"\n\t\tclass=\"card__article card--jumbotron card--variation-full-width\"\n\t>\n\t\t\n\n\t\t\t\t\t<div class=\"card__ornamental-wrapper\">\n\t\t\t\t<div class=\"card__image\" itemprop=\"image\" itemscope itemtype=\"https:\/\/schema.org\/ImageObject\">\n\t\t\t\t\t<img decoding=\"async\" src=\"https:\/\/www.salesforce.com\/se\/news\/wp-content\/uploads\/sites\/27\/2025\/04\/Integration-Key-as-93-of-IT-Leaders-Turn-to-AI-Agents-Amid-Soaring-Resource-Demands-\u2014-New-Research.webp?w=299\" srcset=\"https:\/\/www.salesforce.com\/se\/news\/wp-content\/uploads\/sites\/27\/2025\/04\/Integration-Key-as-93-of-IT-Leaders-Turn-to-AI-Agents-Amid-Soaring-Resource-Demands-\u2014-New-Research.webp 299w, https:\/\/www.salesforce.com\/se\/news\/wp-content\/uploads\/sites\/27\/2025\/04\/Integration-Key-as-93-of-IT-Leaders-Turn-to-AI-Agents-Amid-Soaring-Resource-Demands-\u2014-New-Research.webp?w=264&amp;h=148 264w, https:\/\/www.salesforce.com\/se\/news\/wp-content\/uploads\/sites\/27\/2025\/04\/Integration-Key-as-93-of-IT-Leaders-Turn-to-AI-Agents-Amid-Soaring-Resource-Demands-\u2014-New-Research.webp?w=150&amp;h=84 150w\" sizes=\"100vw\" alt=\"mulesoft\" class=\"\" \/>\t\t\t\t<\/div>\n\t\t\t\t\t\t\t\t\t<div class=\"card__ornament card__ornament--bg\">\n\t\t\t\t\t\t<img decoding=\"async\" src=\"https:\/\/www.salesforce.com\/se\/news\/wp-content\/uploads\/sites\/27\/2025\/02\/background-8.webp?w=300\" srcset=\"https:\/\/www.salesforce.com\/se\/news\/wp-content\/uploads\/sites\/27\/2025\/02\/background-8.webp 862w, https:\/\/www.salesforce.com\/se\/news\/wp-content\/uploads\/sites\/27\/2025\/02\/background-8.webp?w=300&amp;h=236 300w, https:\/\/www.salesforce.com\/se\/news\/wp-content\/uploads\/sites\/27\/2025\/02\/background-8.webp?w=768&amp;h=603 768w, https:\/\/www.salesforce.com\/se\/news\/wp-content\/uploads\/sites\/27\/2025\/02\/background-8.webp?w=264&amp;h=207 264w, https:\/\/www.salesforce.com\/se\/news\/wp-content\/uploads\/sites\/27\/2025\/02\/background-8.webp?w=465&amp;h=365 465w, https:\/\/www.salesforce.com\/se\/news\/wp-content\/uploads\/sites\/27\/2025\/02\/background-8.webp?w=678&amp;h=532 678w, https:\/\/www.salesforce.com\/se\/news\/wp-content\/uploads\/sites\/27\/2025\/02\/background-8.webp?w=150&amp;h=118 150w, https:\/\/www.salesforce.com\/se\/news\/wp-content\/uploads\/sites\/27\/2025\/02\/background-8.webp?w=246&amp;h=193 246w\" sizes=\"100vw\" alt=\"background-8\" class=\"\" \/>\t\t\t\t\t<\/div>\n\t\t\t\t\n\t\t\t\t\t\t\t<\/div>\n\t\t\n\t\t<header class=\"card__content\">\n\t\t\t\t\t\t<div class=\"card__header-details\">\n\t\t\t\t\t\t\t\t\t<p itemprop=\"category\" class=\"card__category sf-tag sf-tag--digital-transformation\">\n\t\t\t\t\t\tDigital Transformation\t\t\t\t\t<\/p>\n\t\t\t\t\n\t\t\t\t\n\t\t\t\t\t\t\t\t\t<h2 itemprop=\"headline\" class=\"card__headline\">\n\t\t\t\t\n\t\t\t\tRapport: Kr\u00e5ngliga system hindrar f\u00f6retag att anv\u00e4nda AI-agenter\n<svg xmlns=\"http:\/\/www.w3.org\/2000\/svg\" width=\"13\" height=\"13\" viewBox=\"0 0 13 13\" fill=\"none\" aria-hidden=\"true\">\n<path d=\"M7.125 5.37891L11.5 1.00391M11.5 1.00391H8.58333M11.5 1.00391V3.92057M11.5 7.42057V10.3372C11.5 10.6467 11.3771 10.9434 11.1583 11.1622C10.9395 11.381 10.6428 11.5039 10.3333 11.5039H2.16667C1.85725 11.5039 1.5605 11.381 1.34171 11.1622C1.12292 10.9434 1 10.6467 1 10.3372V2.17057C1 1.86115 1.12292 1.56441 1.34171 1.34561C1.5605 1.12682 1.85725 1.00391 2.16667 1.00391H5.08333\" stroke=\"#042D60\" stroke-width=\"2\" \/>\n<\/svg>\n\n\t\t\t\t\t\t\t\t\t<\/h2>\n\t\t\t\t\n\t\t\t\t\t\t\t<\/div>\n\n\t\t\t\n\t\t\t\n\t\t\t\t\t<\/header>\n\t<\/article>\n<\/a>\n","protected":false},"excerpt":{"rendered":"","protected":false},"author":467,"featured_media":0,"parent":0,"menu_order":0,"comment_status":"closed","ping_status":"closed","template":"templates\/page-news-explorer.php","meta":{"sf_subhead":"","sf_i18n_disclaimer":false,"footnotes":""},"sf_topic":[],"coauthors":[282],"class_list":["post-255","page","type-page","status-publish","hentry"],"yoast_head":"<!-- This site is optimized with the Yoast SEO Premium plugin v27.2 (Yoast SEO v27.2) - https:\/\/yoast.com\/product\/yoast-seo-premium-wordpress\/ -->\n<title>Front Page - Salesforce<\/title>\n<meta name=\"robots\" content=\"noindex, follow, max-snippet:-1, max-image-preview:large, max-video-preview:-1\" \/>\n<meta property=\"og:locale\" content=\"sv_SE\" \/>\n<meta property=\"og:type\" content=\"article\" \/>\n<meta property=\"og:title\" content=\"Front Page\" \/>\n<meta property=\"og:url\" content=\"https:\/\/www.salesforce.com\/se\/news\/\" \/>\n<meta property=\"og:site_name\" content=\"Salesforce\" \/>\n<meta property=\"article:modified_time\" content=\"2025-04-08T12:59:23+00:00\" \/>\n<meta name=\"twitter:card\" content=\"summary_large_image\" \/>\n<meta name=\"twitter:label1\" content=\"Skriven av\" \/>\n\t<meta name=\"twitter:data1\" content=\"Salesforce Newsroom\" \/>\n\t<meta name=\"twitter:label2\" content=\"Written by\" \/>\n\t<meta name=\"twitter:data2\" content=\"Salesforce Newsroom\" \/>\n<script type=\"application\/ld+json\" class=\"yoast-schema-graph\">{\"@context\":\"https:\/\/schema.org\",\"@graph\":[{\"@type\":\"WebPage\",\"@id\":\"https:\/\/www.salesforce.com\/se\/news\/\",\"url\":\"https:\/\/www.salesforce.com\/se\/news\/\",\"name\":\"Front Page - Salesforce\",\"isPartOf\":{\"@id\":\"https:\/\/www.salesforce.com\/se\/news\/#website\"},\"datePublished\":\"2025-02-06T16:40:00+00:00\",\"dateModified\":\"2025-04-08T12:59:23+00:00\",\"breadcrumb\":{\"@id\":\"https:\/\/www.salesforce.com\/se\/news\/#breadcrumb\"},\"inLanguage\":\"sv-SE\",\"potentialAction\":[{\"@type\":\"ReadAction\",\"target\":[\"https:\/\/www.salesforce.com\/se\/news\/\"]}]},{\"@type\":\"BreadcrumbList\",\"@id\":\"https:\/\/www.salesforce.com\/se\/news\/#breadcrumb\",\"itemListElement\":[{\"@type\":\"ListItem\",\"position\":1,\"name\":\"Home\",\"item\":\"https:\/\/www.salesforce.com\/se\/news\/\"},{\"@type\":\"ListItem\",\"position\":2,\"name\":\"Front Page\"}]},{\"@type\":\"WebSite\",\"@id\":\"https:\/\/www.salesforce.com\/se\/news\/#website\",\"url\":\"https:\/\/www.salesforce.com\/se\/news\/\",\"name\":\"Salesforce\",\"description\":\"\",\"potentialAction\":[{\"@type\":\"SearchAction\",\"target\":{\"@type\":\"EntryPoint\",\"urlTemplate\":\"https:\/\/www.salesforce.com\/se\/news\/?s={search_term_string}\"},\"query-input\":{\"@type\":\"PropertyValueSpecification\",\"valueRequired\":true,\"valueName\":\"search_term_string\"}}],\"inLanguage\":\"sv-SE\"}]}<\/script>\n<!-- \/ Yoast SEO Premium plugin. -->","yoast_head_json":{"title":"Front Page - Salesforce","robots":{"index":"noindex","follow":"follow","max-snippet":"max-snippet:-1","max-image-preview":"max-image-preview:large","max-video-preview":"max-video-preview:-1"},"og_locale":"sv_SE","og_type":"article","og_title":"Front Page","og_url":"https:\/\/www.salesforce.com\/se\/news\/","og_site_name":"Salesforce","article_modified_time":"2025-04-08T12:59:23+00:00","twitter_card":"summary_large_image","twitter_misc":{"Skriven av":"Salesforce Newsroom","Written by":"Salesforce Newsroom"},"schema":{"@context":"https:\/\/schema.org","@graph":[{"@type":"WebPage","@id":"https:\/\/www.salesforce.com\/se\/news\/","url":"https:\/\/www.salesforce.com\/se\/news\/","name":"Front Page - Salesforce","isPartOf":{"@id":"https:\/\/www.salesforce.com\/se\/news\/#website"},"datePublished":"2025-02-06T16:40:00+00:00","dateModified":"2025-04-08T12:59:23+00:00","breadcrumb":{"@id":"https:\/\/www.salesforce.com\/se\/news\/#breadcrumb"},"inLanguage":"sv-SE","potentialAction":[{"@type":"ReadAction","target":["https:\/\/www.salesforce.com\/se\/news\/"]}]},{"@type":"BreadcrumbList","@id":"https:\/\/www.salesforce.com\/se\/news\/#breadcrumb","itemListElement":[{"@type":"ListItem","position":1,"name":"Home","item":"https:\/\/www.salesforce.com\/se\/news\/"},{"@type":"ListItem","position":2,"name":"Front Page"}]},{"@type":"WebSite","@id":"https:\/\/www.salesforce.com\/se\/news\/#website","url":"https:\/\/www.salesforce.com\/se\/news\/","name":"Salesforce","description":"","potentialAction":[{"@type":"SearchAction","target":{"@type":"EntryPoint","urlTemplate":"https:\/\/www.salesforce.com\/se\/news\/?s={search_term_string}"},"query-input":{"@type":"PropertyValueSpecification","valueRequired":true,"valueName":"search_term_string"}}],"inLanguage":"sv-SE"}]}},"jetpack_sharing_enabled":true,"distributor_meta":false,"distributor_terms":false,"distributor_media":false,"distributor_original_site_name":"Salesforce","distributor_original_site_url":"https:\/\/www.salesforce.com\/se\/news","push-errors":false,"_links":{"self":[{"href":"https:\/\/www.salesforce.com\/se\/news\/wp-json\/wp\/v2\/pages\/255","targetHints":{"allow":["GET"]}}],"collection":[{"href":"https:\/\/www.salesforce.com\/se\/news\/wp-json\/wp\/v2\/pages"}],"about":[{"href":"https:\/\/www.salesforce.com\/se\/news\/wp-json\/wp\/v2\/types\/page"}],"author":[{"embeddable":true,"href":"https:\/\/www.salesforce.com\/se\/news\/wp-json\/wp\/v2\/users\/467"}],"replies":[{"embeddable":true,"href":"https:\/\/www.salesforce.com\/se\/news\/wp-json\/wp\/v2\/comments?post=255"}],"version-history":[{"count":4,"href":"https:\/\/www.salesforce.com\/se\/news\/wp-json\/wp\/v2\/pages\/255\/revisions"}],"predecessor-version":[{"id":384,"href":"https:\/\/www.salesforce.com\/se\/news\/wp-json\/wp\/v2\/pages\/255\/revisions\/384"}],"wp:attachment":[{"href":"https:\/\/www.salesforce.com\/se\/news\/wp-json\/wp\/v2\/media?parent=255"}],"wp:term":[{"taxonomy":"sf_topic","embeddable":true,"href":"https:\/\/www.salesforce.com\/se\/news\/wp-json\/wp\/v2\/sf_topic?post=255"},{"taxonomy":"author","embeddable":true,"href":"https:\/\/www.salesforce.com\/se\/news\/wp-json\/wp\/v2\/coauthors?post=255"}],"curies":[{"name":"wp","href":"https:\/\/api.w.org\/{rel}","templated":true}]}}